ve of t**4/2 - t**3/3 + 229*t - 2. List the prime factors of h(v).
229
Let h(v) = v**3 + 4*v**2 - 3*v - 2. Let z be h(-5). Suppose -2*l + 4*s = 45 + 289, 5*s - 653 = 4*l. What are the prime factors of l/(-3) - 8/z?
53
Suppose -49158 + 184376 = 17*m. What are the prime factors of m?
2, 41, 97
Let p(v) = 794*v**2 - 5. Let t be p(-2). Let q = -1879 + t. What are the prime factors of q?
2, 17, 19
Let g(l) = 916*l**3 + 0*l**2 - 13*l - 2*l**2 + 14 - 46*l**3. List the prime factors of g(1).
11, 79
Let b = -203 - -194. Let u(g) be the second derivative of -2*g**3 + 3*g**2/2 - 4*g. List the prime factors of u(b).
3, 37
Suppose -57501 = 6214*p - 6223*p. What are the prime factors of p?
6389
Let f(z) = -z**2 + 5*z - 12. Suppose 6*r + 2*r - 32 = 0. Let y be f(r). Let i(n) = n**2 - 10*n - 17. List the prime factors of i(y).
127
Let q(x) = -x**3 + x**2 + 2. Let c be q(0). Suppose -5*m + c*u + 46 = 0, 0 = m - 6*u + u. What are the prime factors of (-436)/(-10) + (-6)/m?
43
Suppose 4*x - 70 = -50. Suppose 2*p + 5*s - 8*s = 23, -25 = -x*p + s. Suppose -5*q = p*y - 488, q = -y + 6*y - 610. List the prime factors of y.
2, 61
Suppose -187*w + 183*w + 220404 = -i, 5*i = -3*w + 165280. What are the prime factors of w?
2, 5, 19, 29
Suppose 63*f - 62*f = 2. Suppose -n + 655 = -6*w + 7*w, 2*w = f. What are the prime factors of n?
2, 3, 109
Suppose -41*c = -31*c + 10680. Let d = c - -1730. What are the prime factors of d?
2, 331
Suppose 0 = 4*y + 4*i - 64144, y - i = -4390 + 20432. List the prime factors of y.
43, 373
Let l be 2961/7 + 2 + -3. Suppose -c + 427 = 2*m, 0*c + c - l = -m. What are the prime factors of c?
3, 139
Suppose 2*u - 19*z + 21*z - 3600 = 0, u + 5*z = 1784. List the prime factors of u.
2, 11, 41
Suppose 4*j + 17 - 1 = 0. Let f be 7 + (2 + -5 - j). Suppose -f*r - 16 = -10*r. List the prime factors of r.
2
Let w = 4962 + -2008. Suppose -3*r - 6*b = -b - 2942, -3*r = -b - w. List the prime factors of r.
2, 3, 41
Let i = 642 - 635. What are the prime factors of 13998/i - (-2 + (-24)/(-14))?
2, 5
Let z = 32542 - 16035. List the prime factors of z.
17, 971
Let t(w) = 409*w**2 - 6*w - 25. Let v be t(-6). Suppose 1033 + v = 24*c. What are the prime factors of c?
3, 73
Suppose -5*h = 3*f + 10 + 12, -3*f = 4*h + 17. Suppose 0 = 5*d - 58 + 18. List the prime factors of (-5)/((-20)/d) - -97 - f.
2, 7
Let m be -4*((9/6)/3 + -1). Suppose -m*u + 2512 = -404. Suppose u = -h + 10*h. List the prime factors of h.
2, 3
Let b(z) be the first derivative of -6*z + 19 - 127/2*z**2. List the prime factors of b(-1).
11
Let c(l) = 0*l**3 - 2*l**3 - 275 + 274 - 6*l**2 + 7*l. List the prime factors of c(-5).
2
Let g(r) = 14*r**2 + 7*r - 4. Suppose 0 = -2*n + 5*m + 14 + 17, 0 = 5*n + m - 10. What are the prime factors of g(n)?
11, 13
Suppose 0 = -4*f + 4*h + 3708 - 1132, -2*f + h = -1284. Suppose 131*o - 126*o = f. List the prime factors of o.
2
Suppose -2*j + 51641 = 4*z + 3*j, 25822 = 2*z + 2*j. Suppose -6*t - z = -17*t. List the prime factors of t.
2, 587
Let c(f) = 74509*f**2 + 124*f - 121. What are the prime factors of c(1)?
2, 4657
Suppose 8*z + 250 = 33*z. List the prime factors of ((-6976)/20)/(0 - 2)*z.
2, 109
Let y(s) = -4*s**3 + 8*s**2 + 30*s - 12. Let v(r) = -3*r**3 + 9*r**2 + 29*r - 12. Let a(i) = 3*v(i) - 2*y(i). List the prime factors of a(8).
2, 3, 11
Suppose 0 = -3*y + 3*d + 1851, -2*y + d + 3105 = 3*y. Let w be (2/(-4))/(-1) - y/(-4). Suppose -556 + w = -5*h. What are the prime factors of h?
2, 5
Suppose -82*o = -81*o - 5029. What are the prime factors of o?
47, 107
Let m(q) = 31*q - 55. Let p(r) = 29*r - 54. Let l(f) = -3*m(f) + 2*p(f). List the prime factors of l(-14).
547
Let z(i) = -143*i - 303. What are the prime factors of z(-18)?
3, 757
Let n = 118298 - 67348. List the prime factors of n.
2, 5, 1019
Suppose 4*h - 12 = 0, 4*q = -2*h - 2*h + 116. Suppose 0 = -7*j - 5 + q. List the prime factors of (-16)/j*-15*1/2.
2, 5
Let u(p) = -p**2 + 22*p + 4. Suppose 113 = 9*w - 76. Suppose 0 = -10*t + 7*t + w. List the prime factors of u(t).
109
Suppose 24 = -5*a - 126. Let t be a/12*1*(-8)/10. Suppose -3*z + 560 = -t*g, 5*g - 220 = -2*z + 185. List the prime factors of z.
2, 5, 19
Let z(x) = 6*x + 14. Let v be z(-3). Let h be (-1 - -21 - 4) + v. Suppose 4*r + m - 3*m = 26, -2*r = -2*m - h. List the prime factors of r.
7
Suppose -a + 6*a = -30. Let k(x) = 7*x**2 + 3*x - 2. Let o be k(a). Suppose o = 3*z - z. What are the prime factors of z?
2, 29
Let q(c) = 11*c**2 - 17*c - 49. Let h(s) = -212*s + 7*s**2 + 201*s - 26 - 7. Let l(n) = -8*h(n) + 5*q(n). List the prime factors of l(0).
19
Suppose 0 = 5*g + 4*v - 73188, -3*g - 12*v + 17*v = -43935. What are the prime factors of g?
2, 3, 5, 61
Let m(o) = -5*o - 45. Let b be m(-14). Let p be 2085/b + (-2 - (-26)/10). Suppose 0 = 3*q - 438 - p. List the prime factors of q.
2, 3, 29
Let h = 16137 - 5476. List the prime factors of h.
7, 1523
Suppose -3*w = -2*n + 79, -2*w + 0*n - 56 = -3*n. Let c = w + 27. Suppose -5*z = -c*k - z + 154, -2*k + 146 = 4*z. What are the prime factors of k?
3, 5
Let j(v) = -7*v**2 + 0*v**3 - 6*v - v**3 + v**2. Suppose -n - 23 = 3*k, 4*n + n - 5*k = 5. List the prime factors of j(n).
5
Let x(z) = -7*z**3 + z**2 + 4*z + 5. Let p(n) = -11*n**3 + n + 5. Let y be p(-2). Let w = y + -93. List the prime factors of x(w).
3, 19
Let j be 4 + (-44)/12 - 20/15. Let y(l) = -159*l - 1. What are the prime factors of y(j)?
2, 79
Let n(u) = 24298*u**2 + 21*u - 17. What are the prime factors of n(1)?
2, 29, 419
Suppose a = 2*b - 21505, 12*b = 11*b + 3*a + 10745. What are the prime factors of b?
2, 19, 283
Suppose -3*c = 2*c - 10. Let d be (c/(-6))/(1/(-9)). Suppose -3*x - 4*z + 119 = -138, -5*z = -d*x + 293. List the prime factors of x.
7, 13
Suppose -36*i = -1002948 + 16764. What are the prime factors of i?
2, 13697
Suppose 4*p - 12 = 4*s, 0 = 3*s - 2*s - 1. Let u be (1 + 14/(-56))*40. Suppose -5*h + 304 = 4*i, -u = -i - p*h + 35. What are the prime factors of i?
3
Suppose 17183*s - 17162*s = 713202. What are the prime factors of s?
2, 16981
Suppose 15*m + 24926 = 129236. List the prime factors of m.
2, 3, 19, 61
Let q(c) = -c**3 + 26*c**2 - 59*c + 48. Suppose -10*k = -76 - 114. List the prime factors of q(k).
2, 727
Let m be 1*(-1808 + 1 + 0). Let h = 2677 + m. What are the prime factors of h?
2, 3, 5, 29
Let z(d) be the second derivative of -d**5/4 - 17*d**4/12 - 12*d**2 - d + 8. List the prime factors of z(-6).
2, 3, 37
Let x = 6 - 4. Suppose -37*t = -110*t + 365. Suppose s + 3*s + c = 438, t*s + x*c = 549. List the prime factors of s.
109
Let p be (-108)/(-5) - (-6)/15. Suppose 0 = 5*i + p + 28. Let a = 120 + i. List the prime factors of a.
2, 5, 11
Let s(v) = -v**3 + 59*v**2 - 29*v + 80. List the prime factors of s(27).
5, 181
Suppose -11*u + 15*u + 1028 = 0. Let w = u + 1061. List the prime factors of w.
2, 3, 67
Let y(l) = 2*l**3 + 34*l**2 - 2*l - 31. Let k be y(-17). What are the prime factors of 3*(67 + (-3)/k) - 5?
193
Let v be -1*(-6)/((-18)/(-15)). Suppose -z + 4*y = -167 - 219, 2*z = -v*y + 707. What are the prime factors of z?
2, 3, 61
Suppose 0 = 4*i - 16, -4*i = 4*u - 13 - 7. List the prime factors of (-5)/15 + 2495/15*u.
2, 83
Let r be -2655*(144/(-30))/1. What are the prime factors of ((-4)/8)/((66/r)/(-11))?
2, 3, 59
Let i(u) = u + 1. Let v(h) = 17*h + 10. Let a(b) = 35*i(b) - 5*v(b). Let o(l) = 149*l + 46. Let s(k) = -11*a(k) - 4*o(k). What are the prime factors of s(-3)?
7, 17
Let t(n) = 7*n**3 + 10*n**2 - 16*n - 52. Let h be t(18). Suppose 0 = 16*l - 50*l + h. List the prime factors of l.
2, 643
Let a(c) be the first derivative of -945*c**4/4 - c**3 - 5*c**2/2 - 3*c + 195. List the prime factors of a(-1).
2, 59
Let v(u) = -14*u - 28. Let m be v(-6). Let z = m + -51. Let x(i) = 7*i + 46. What are the prime factors of x(z)?
3
Suppose -4*i - 129 - 167 = 2*m, 0 = -3*m - 5*i - 445. Let b = 232 + 46. Let g = m + b. What are the prime factors of g?
2
Suppose -508277 = -l - 88*l + 12*l. What are the prime factors of l?
7, 23, 41
Let b = 16 + -11. Suppose 3*k = -5*a, b*k - a = -27 - 1. List the prime factors of ((100/(-6))/k)/(6/189).
3, 5, 7
Suppose -25*v = -111033 + 5833. What are the prime factors of v?
2, 263
Let r = -104 - -104. Suppose -7*x + 10*x - 3*q - 1155 = r, -q + 1147 = 3*x. What are